ose 812 = 21*y - 20*y. List the prime factors of y.
2, 7, 29
Suppose 284 = -13*i + 17*i. Suppose 4*g = 5*g - i. List the prime factors of g.
71
Let n be ((-612)/15)/(9/(-30)). Let w = n - 30. List the prime factors of w.
2, 53
Let a be ((-10)/(-3))/((-16)/(-24)). Suppose 5*s - 705 = -5*m, -m + 697 = a*s - 0*m. What are the prime factors of s?
139
Let c = 683 + -332. What are the prime factors of c?
3, 13
Let g = 77 + 17. What are the prime factors of g?
2, 47
Let n(f) = -159*f**2 + 2*f + 1. Let i be n(-1). Let t(r) = -29*r**3 - r**2 - 1. Let w be t(-1). List the prime factors of w/(-12)*i/15.
2, 3
Suppose 0 = 2*l - 3*c - 2188, -5*l = 4*c - 505 - 4988. What are the prime factors of l?
1097
What are the prime factors of ((-1314)/(-365))/(2/30)?
2, 3
Let g = 68 - 38. List the prime factors of -2 - g*3/(-2).
43
List the prime factors of 200 + (-4)/4 - (-9)/3.
2, 101
Suppose 45 = 19*j - 10*j. Suppose -214 = -3*y - 2*r, -43 = -y + j*r - 0. What are the prime factors of y?
2, 17
Let n be (-66)/(-14) - (-14)/49. Suppose m - 5*v - 146 = 0, -3*m + n*m + 5*v = 307. Suppose 3*c + 1 = m. What are the prime factors of c?
2, 5
Suppose -3*b + 28 - 10 = 0. Suppose w - b*w + 145 = 0. Let d = w + 4. What are the prime factors of d?
3, 11
Suppose s - 1148 = -5*v, -7*s + 8*s - 3*v = 1156. List the prime factors of s.
1153
Let f = -97 + -20. Let t = -53 - f. List the prime factors of t.
2
Let h = 2403 - 1691. List the prime factors of h.
2, 89
What are the prime factors of (-195201)/(-46) + (-1)/2?
4243
Let h(r) = r**3 + 7*r**2 - 13*r + 5. Let v be h(-10). Let f = v + 287. What are the prime factors of f?
2, 61
What are the prime factors of -1738*-2*6/24?
11, 79
Let v = 170 + -113. What are the prime factors of v?
3, 19
Suppose 2*y = -148 + 660. What are the prime factors of y?
2
Let n = -2631 + 4693. What are the prime factors of n?
2, 1031
Let v = 7 - 2. Suppose 0 = v*o - 2*o - 36. What are the prime factors of o?
2, 3
Let j(a) = a**3 + 7*a**2 - a - 1. Suppose 18 = 3*f + 3, 0 = -p - f + 8. Suppose y + 0*y + p = 0. What are the prime factors of j(y)?
2, 19
Let b(t) = -120*t + 126. What are the prime factors of b(-8)?
2, 3, 181
Let f be 3/1*(-5 - -7) + -4. Suppose 2*b - f*v + 10 - 124 = 0, -5*b + 2*v = -270. List the prime factors of b.
2, 13
Suppose -5*f - 198 = 3*n, 0*f + 3*n = -3*f - 114. Let m be (4/6)/(4/f). Let d(x) = -x**3 - 6*x**2 + 2*x - 7. List the prime factors of d(m).
2, 7
Let z be ((-2)/(-2))/((-6)/(-18)). Suppose -t - z*b + 14 = -0*t, t = -5*b + 22. Suppose 12 + 18 = t*l. What are the prime factors of l?
3, 5
Suppose -4762 = -2*q - 1258. List the prime factors of q.
2, 3, 73
Let m be (-170)/(-20) - (-3)/2. Suppose -5*r + 4 = -3*r - 5*k, 3*k = -5*r + m. Suppose 16 + 18 = 2*o - r*n, o = -4*n - 3. What are the prime factors of o?
13
What are the prime factors of (-1520)/228*588/(-10)?
2, 7
Let a be 11 + 6/(-9)*9/(-6). List the prime factors of 716/a - 2 - (-4)/(-6).
3, 19
Let h(u) be the first derivative of -u**6/15 + u**4/24 - 5*u**2/2 - 4. Let a(k) be the second derivative of h(k). What are the prime factors of a(-1)?
7
Let v be (6/4 - 3)*(-2476)/6. Suppose -4*q = 39 - v. List the prime factors of q.
5, 29
Suppose 5*g + 216 = 7*g. Suppose 0 = -2*r - 7*r + g. List the prime factors of r.
2, 3
Let v(n) = n**2 + 3*n - 3. Let j be v(5). Suppose 10*z = 9*z. Suppose -4*m + 87 + j = z. List the prime factors of m.
31
Suppose -a - 4*l + 6*l - 3 = 0, 4*a + 16 = 4*l. Let y(n) = -12*n - 4. What are the prime factors of y(a)?
2, 7
Let u(r) = -r**3 + 11*r**2 - 8*r + 8. What are the prime factors of u(7)?
2, 37
Let b = 380 - 383. Let f be (7/2)/((-2)/8). What are the prime factors of b*f*20/24?
5, 7
Suppose -4*l - y + 37 = 0, y = -5*l + 6*y + 15. Suppose -9*o = -l*o - 169. What are the prime factors of o?
13
Suppose -7*g + 2826 + 3621 = 0. What are the prime factors of g?
3, 307
Let y be 4*1/2 + 127. Let n = 79 - y. Let s = n + 98. What are the prime factors of s?
2, 3
Let k = -1164 + 1973. What are the prime factors of k?
809
Let q = 23 - -23. Let p be 3*9/3 - -1. Suppose -p = -x + 3*d, -x - 2*x + q = -d. What are the prime factors of x?
2
Suppose -3*v + 2390 + 11658 = -5*z, -4*v - 3*z = -18750. What are the prime factors of v?
2, 3, 11, 71
Let g be (2/(-1))/(4/6). Let o(w) = -w**3 + 2*w**2 - 9*w - 6. List the prime factors of o(g).
2, 3, 11
Suppose -22*b = -5*b - 38046. What are the prime factors of b?
2, 3, 373
Suppose 5*p - 10 = j - 0, 5*p + 30 = -j. What are the prime factors of ((-876)/8)/(2 - j/(-8))?
3, 73
Let p be 0 - (2 - 1) - (-4 - -1). Suppose 9*f = -p*f + 550. What are the prime factors of f?
2, 5
Let g(r) = 108*r - 33. List the prime factors of g(5).
3, 13
Let n(h) be the first derivative of h**3/3 - 3*h + 1. Suppose -5 = -289*i + 288*i. What are the prime factors of n(i)?
2, 11
Suppose -42 = 4*x - 298. Let d = x - 31. List the prime factors of d.
3, 11
Let f be 5/(-4) + 2010/8. Suppose v - 59 = -2*a, 7*v - 2*v - f = -a. What are the prime factors of v?
7
Let u(f) = -f**3 + 17*f**2 - 27*f + 52. What are the prime factors of u(15)?
97
Let f be ((-2)/(-4))/(6/36). Let p be ((-17)/f + 4)*-69. Suppose 5*a = 10*a - p. List the prime factors of a.
23
Let g = -873 + 1576. List the prime factors of g.
19, 37
Suppose 25*w - 4*l = 28*w - 1869, w - 623 = 4*l. What are the prime factors of w?
7, 89
Suppose 5*r - 2*v - 62 = 0, 0*r - 4*v = -r - 2. Let z(l) = -l**3 + 15*l**2 - 10*l - 13. List the prime factors of z(r).
43
Let w(h) = 2 - 7*h + 36 + 11 - 5. What are the prime factors of w(-18)?
2, 5, 17
Let a be (10/(-8))/((-1)/28). Suppose -2*g + 2 - 6 = -4*d, -2*d + 8 = 2*g. Suppose d*x - a + 7 = 0. List the prime factors of x.
2, 7
What are the prime factors of 10/(-5) + 8*49 + 1?
17, 23
Let d(x) = 824*x - 318. List the prime factors of d(2).
2, 5, 7, 19
Suppose -3*w + 5*z - 41 = 0, 5*w + z = -27 - 32. Let l = w - -12. Suppose 4*p - 9 - 43 = l. List the prime factors of p.
13
Suppose -18 = -7*j + 3. Suppose 3*y - 2*b = 52, -51 + 7 = -j*y + 4*b. What are the prime factors of y?
2, 5
Suppose -2*m = -33 + 25. Suppose -2*h - m*h = -630. What are the prime factors of h?
3, 5, 7
Let s(n) be the first derivative of n**4/4 - 5*n**3/6 + 3*n**2 - 6*n + 2. Let f(h) be the first derivative of s(h). What are the prime factors of f(4)?
2, 17
Suppose 20*g - 9*g = 5324. List the prime factors of g.
2, 11
Let a(s) be the second derivative of s**5/20 + 23*s**4/12 + 17*s**3/6 + 5*s**2/2 - 16*s. List the prime factors of a(-22).
5, 23
Let h(j) = -j**3 + 8*j**2 - 8*j + 10. Suppose -28 = -3*d - d. Let u be h(d). Suppose u*r - 6 = -0. List the prime factors of r.
2
Suppose -139 = -x - 2*o, 4*x - 759 + 253 = 2*o. Suppose 4*f - x = -3*m + 229, -2*m - 5*f + 227 = 0. What are the prime factors of m?
2, 3, 7
Let s = 24 + -8. Let q(c) = c**3 + 3*c**2 + 2*c + 5. Let m be q(-2). Suppose m*g + s = 121. List the prime factors of g.
3, 7
Suppose 38*o + 1237 = 39*o. List the prime factors of o.
1237
Let i = 902 + 3465. What are the prime factors of i?
11, 397
Suppose -464 = 61*x - 62*x. List the prime factors of x.
2, 29
Let u(z) = -z - 2. Let m be u(-2). Suppose -v - k = 0, 3*v + m*k + 3 = -4*k. List the prime factors of v.
3
Let l(o) = 29*o - 318. What are the prime factors of l(34)?
2, 167
What are the prime factors of (-31)/(-62)*(0 - -730)?
5, 73
Let z(a) = 14*a - 43. Let m(u) = -7*u + 21. Let b(l) = 7*m(l) + 3*z(l). List the prime factors of b(-8).
2, 37
Suppose 5*s - 57 = -2*z, z + 9 = s + 48. Let k be (1 + z/(-16))*-4. Suppose h + 116 = k*h. List the prime factors of h.
29
Suppose -2 = -i + 86. Let d = -59 + i. List the prime factors of d.
29
Let u(v) = -3*v**3 + 2*v - 2. Suppose 0 = 3*t + 4*f + 17, t + 5 + 2 = -2*f. List the prime factors of u(t).
73
Let w = 20 - -827. What are the prime factors of w?
7, 11
What are the prime factors of 49/((-1372)/24) + 38737/7?
11, 503
List the prime factors of 17/85 - 1548/(-10).
5, 31
Let y(z) = -z**2 - 3*z + 13. Let a be y(-5). Suppose a*i = -57 + 930. What are the prime factors of i?
3, 97
Let f = -15 - -19. Suppose -2*t = 3 - 15. List the prime factors of t/(-3) - (f + -68).
2, 31
Let g(l) = -5. Suppose 4*x = 2*x + r + 18, x - 5*r - 9 = 0. Let h(k) = -k**2 + k - 21. Let m(y) = x*g(y) - 2*h(y). List the prime factors of m(-2).
3
Let i = -155 + 58